me?
True
Is 237508679 a prime number?
True
Is 3724709 a prime number?
True
Is 2111041 composite?
False
Is 1963817 a prime number?
False
Is 2037209 composite?
False
Is 48312301 a composite number?
False
Is 2689427 prime?
False
Is 327043414 a composite number?
True
Is 796633 a prime number?
True
Is 1911881 a prime number?
True
Is 50634323 a prime number?
False
Is 96078259 composite?
True
Is 260023271 prime?
False
Is 45119917 a composite number?
False
Is 3819377 a composite number?
True
Is 960413 prime?
False
Is 1732597 prime?
True
Is 13056421 a prime number?
False
Is 14655103 composite?
False
Is 24342977 a prime number?
False
Is 1092601 prime?
True
Is 9125771 a prime number?
True
Is 21472531 prime?
True
Is 4647779 a composite number?
False
Is 79408493 a composite number?
False
Is 4172317 a prime number?
False
Is 488874101 prime?
False
Is 437461 composite?
True
Is 15079837 composite?
True
Is 2176249 composite?
True
Is 108245063 composite?
True
Is 90719863 a composite number?
True
Is 151769 a composite number?
False
Is 56027 prime?
False
Is 131173001 a prime number?
True
Is 1085099 a composite number?
True
Is 143329661 a prime number?
True
Is 16986053 a composite number?
True
Is 3736669 a prime number?
True
Is 1777171 a prime number?
False
Is 5224679 composite?
True
Is 9459211 a prime number?
False
Is 32773963 composite?
False
Is 249360737 prime?
True
Is 14843011 a composite number?
False
Is 42179342 composite?
True
Is 49045501 composite?
False
Is 139811941 a composite number?
False
Is 201349549 a composite number?
True
Is 115178731 composite?
True
Is 26305163 composite?
False
Is 55039 a composite number?
True
Is 1499593 a composite number?
False
Is 15851767 composite?
False
Is 11567443 composite?
False
Is 311737 a prime number?
True
Is 685409 a composite number?
True
Is 25738513 a composite number?
True
Is 3519383 a prime number?
False
Is 60542977 a composite number?
True
Is 8878081 a composite number?
True
Is 1789283149 composite?
False
Is 3178363 composite?
False
Is 4926853 a prime number?
False
Is 665921 a composite number?
False
Is 9379921 prime?
True
Is 1149686821 a prime number?
True
Is 29587949 a composite number?
True
Is 10886947 composite?
True
Is 241696477 a composite number?
True
Is 18337549 composite?
False
Is 89778783 a composite number?
True
Is 6673331 prime?
False
Is 140593 a prime number?
True
Is 753858359 a prime number?
True
Is 618712333 a composite number?
True
Is 28789681 a prime number?
True
Is 6371371 a prime number?
True
Is 1074743 a prime number?
False
Is 19831 a composite number?
True
Is 2118403 prime?
False
Is 15468749 a composite number?
False
Is 175268971 a composite number?
False
Is 1548583 prime?
False
Is 543825973 prime?
True
Is 937527 composite?
True
Is 240598279 composite?
False
Is 3627895 composite?
True
Is 29181817 composite?
True
Is 2682533 composite?
True
Is 48228571 prime?
False
Is 49885529 prime?
False
Is 27475255 a prime number?
False
Is 26409781 a prime number?
False
Is 294677 a prime number?
False
Is 15054929 a prime number?
True
Is 1079213 composite?
False
Is 88652087 composite?
True
Is 61844698 a prime number?
False
Is 2697967 a prime number?
False
Is 59505721 a composite number?
True
Is 88526 prime?
False
Is 348911 prime?
True
Is 7138907 prime?
False
Is 137472033 composite?
True
Is 127813319 a prime number?
False
Is 101161259 prime?
False
Is 102543109 prime?
False
Is 2881127 a prime number?
True
Is 1938479 a composite number?
True
Is 1937723 composite?
False
Is 242509627 a composite number?
False
Is 15223189 prime?
True
Is 1486687 a composite number?
False
Is 15450013 a composite number?
False
Is 52639079 a composite number?
True
Is 85812973 a prime number?
True
Is 78495743 composite?
True
Is 44986567 composite?
True
Is 105447311 a prime number?
False
Is 7094335 prime?
False
Is 94986691 a composite number?
False
Is 5640247 composite?
True
Is 137440627 a composite number?
True
Is 71579653 a prime number?
True
Is 17026349 composite?
True
Is 1391559367 prime?
False
Is 10638919 a composite number?
True
Is 11933959 a composite number?
True
Is 147115 prime?
False
Is 476579 prime?
True
Is 21723067 prime?
True
Is 33250213 prime?
True
Is 61288291 a composite number?
True
Is 7883573 a composite number?
True
Is 352521287 a prime number?
False
Is 2520731 prime?
False
Is 50767 a composite number?
False
Is 6682451 a prime number?
False
Is 2113847 composite?
True
Is 9058463 prime?
True
Is 392429 composite?
True
Is 8234693 a prime number?
False
Is 230612791 prime?
True
Is 14411857 a composite number?
False
Is 161654407 a prime number?
True
Is 24246419 a composite number?
True
Is 8739343 a prime number?
False
Is 397219 a composite number?
True
Is 218760755 prime?
False
Is 23480593 a composite number?
False
Is 3699723 prime?
False
Is 12718045 a prime number?
False
Is 6035321 a prime number?
True
Is 57569789 composite?
True
Is 3616961 composite?
True
Is 16612819 a composite number?
False
Is 1373249 prime?
False
Is 7883981 composite?
True
Is 20320669 a prime number?
True
Is 17615159 a prime number?
True
Is 16113473 a prime number?
False
Is 2903503 composite?
False
Is 5276077 a composite number?
False
Is 476873 a prime number?
False
Is 10675389 a composite number?
True
Is 17540293 a prime number?
True
Is 15533311 prime?
True
Is 62171 prime?
True
Is 6546523 a prime number?
False
Is 97944719 composite?
False
Is 103250627 prime?
True
Is 27345341 prime?
True
Is 36426101 composite?
False
Is 46755689 a composite number?
False
Is 34964113 a prime number?
True
Is 1485421 composite?
True
Is 126508738 a composite number?
True
Is 291151 prime?
False
Is 52950467 prime?
False
Is 151611487 a composite number?
True
Is 133148923 a prime number?
True
Is 53051249 composite?
True
Is 91588207 composite?
False
Is 1190639 a composite number?
False
Is 1981141 a prime number?
True
Is 281206 a prime number?
False
Is 3647971 composite?
False
Is 138852017 a composite number?
False
Is 310614107 composite?
False
Is 5366023 a composite number?
True
Is 2073299 a composite number?
True
Is 6590609 composite?
False
Is 1537973 composite?
True
Is 550563779 a prime number?
False
Is 46434007 a prime number?
True
Is 52546471 composite?
True
Is 28763897 a composite number?
True
Is 1779386695 composite?
True
Is 41639491 prime?
False
Is 41380783 prime?
True
Is 2116097 a prime number?
True
Is 42859 prime?
True
Is 54306955 composite?
True
Is 293359609 prime?
True
Is 16955221 a composite number?
True
Is 14235297 a prime number?
False
Is 32658721 a prime number?
False
Is 539916791 a prime number?
False
Is 3680489 prime?
True
Is 5012023 composite?
False
Is 409769 a composite number?
False
Is 376657 a composite number?
False
Is 34518527 prime?
False
Is 1673127451 composite?
False
Is 11702143 a prime number?
True
Is 119368954 a composite number?
True
Is 11158291 a prime number?
True
Is 5315467 a composite number?
False
Is 690233 a prime number?
True
Is 45083659 a prime number?
True
Is 9502063 composite?
False
Is 151614283 composite?
False
Is 7809793 composite?
False
Is 7821353 a prime number?
True
Is 86195 composite?
True
Is 11975923 a prime number?
True
Is 33186941 prime?
False
Is 14410063 a prime number?
True
Is 687431 a composite number?
False
Is 13814429 composite?
True
Is 70232237 prime?
True
Is 1142963 a composite number?
True
Is 3058373 a composite number?
True
Is 2422327 a composite number?
False
Is 30109 a composite number?
False
Is 17556781 composite?
True
Is 6393319 composite?
False
Is 59366947 a prime number?
True
Is 17442673 a prime number?
True
Is 3765803 prime?
False
Is 1309067 a composite number?
False
Is 44650933 a prime number?
False
Is 149153549 a composite number?
True
Is 76869911 composite?
False
Is 109261 a prime number?
False
Is 1259413 prime?
True
Is 17101319 a composite number?
False
Is 3907003 a composite number?
False
Is 3367829 prime?
True
Is 2607791 prime?
True
Is 30901639 composite?
False
Is 15634613 a composite number?
True
Is 123832837 prime?
True
Is 2906107 a prime number?
False
Is 392444497 prime?
False
Is 1521547 prime?
True
Is 109699 a prime number?
False
Is 1673 a prime number?
False
Is 32727487 a composite number?
True
Is 871439 prime?
True
Is 279369263 a composite number?
False
Is 18446962 a composite number?
True
Is 21892469 c